r when 4142 is divided by 2066.
10
Calculate the remainder when 241 is divided by 41.
36
What is the remainder when 249 is divided by 18?
15
What is the remainder when 114 is divided by 63?
51
What is the remainder when 79 is divided by 8?
7
What is the remainder when 515 is divided by 86?
85
Calculate the remainder when 2120 is divided by 176.
8
What is the remainder when 1791 is divided by 26?
23
What is the remainder when 104 is divided by 100?
4
Calculate the remainder when 106 is divided by 57.
49
Calculate the remainder when 8106 is divided by 2700.
6
What is the remainder when 176 is divided by 65?
46
What is the remainder when 461 is divided by 11?
10
Calculate the remainder when 23 is divided by 14.
9
What is the remainder when 25 is divided by 7?
4
What is the remainder when 12745 is divided by 4245?
10
What is the remainder when 1469 is divided by 64?
61
What is the remainder when 786 is divided by 99?
93
What is the remainder when 684 is divided by 100?
84
What is the remainder when 151 is divided by 76?
75
What is the remainder when 1651 is divided by 541?
28
Calculate the remainder when 16112 is divided by 1790.
2
What is the remainder when 127 is divided by 51?
25
Calculate the remainder when 88 is divided by 57.
31
What is the remainder when 134 is divided by 31?
10
What is the remainder when 1544 is divided by 7?
4
What is the remainder when 52 is divided by 13?
0
Calculate the remainder when 1381 is divided by 173.
170
What is the remainder when 163 is divided by 33?
31
Calculate the remainder when 5163 is divided by 63.
60
Calculate the remainder when 3956 is divided by 107.
104
What is the remainder when 159 is divided by 19?
7
Calculate the remainder when 7523 is divided by 22.
21
What is the remainder when 201 is divided by 15?
6
Calculate the remainder when 572 is divided by 18.
14
What is the remainder when 985 is divided by 198?
193
What is the remainder when 455 is divided by 229?
226
What is the remainder when 100 is divided by 47?
6
Calculate the remainder when 3750 is divided by 8.
6
What is the remainder when 32 is divided by 18?
14
What is the remainder when 539 is divided by 60?
59
Calculate the remainder when 342 is divided by 11.
1
What is the remainder when 13 is divided by 8?
5
What is the remainder when 3538 is divided by 23?
19
What is the remainder when 1339 is divided by 5?
4
What is the remainder when 223 is divided by 57?
52
Calculate the remainder when 336 is divided by 84.
0
What is the remainder when 1025 is divided by 27?
26
Calculate the remainder when 1493 is divided by 18.
17
Calculate the remainder when 3217 is divided by 20.
17
What is the remainder when 3139 is divided by 11?
4
Calculate the remainder when 168 is divided by 4.
0
What is the remainder when 109 is divided by 13?
5
What is the remainder when 133 is divided by 41?
10
What is the remainder when 1110 is divided by 11?
10
What is the remainder when 119 is divided by 84?
35
Calculate the remainder when 3233 is divided by 66.
65
Calculate the remainder when 987 is divided by 23.
21
What is the remainder when 50 is divided by 18?
14
What is the remainder when 1250 is divided by 1237?
13
Calculate the remainder when 259 is divided by 37.
0
Calculate the remainder when 9 is divided by 8.
1
Calculate the remainder when 6829 is divided by 23.
21
Calculate the remainder when 2331 is divided by 38.
13
What is the remainder when 258 is divided by 165?
93
Calculate the remainder when 369 is divided by 25.
19
What is the remainder when 643 is divided by 81?
76
Calculate the remainder when 959 is divided by 30.
29
Calculate the remainder when 6141 is divided by 2046.
3
Calculate the remainder when 257 is divided by 47.
22
What is the remainder when 764 is divided by 246?
26
Calculate the remainder when 10746 is divided by 307.
1
What is the remainder when 479 is divided by 10?
9
Calculate the remainder when 175 is divided by 28.
7
Calculate the remainder when 656 is divided by 12.
8
Calculate the remainder when 106 is divided by 26.
2
What is the remainder when 3952 is divided by 113?
110
Calculate the remainder when 649 is divided by 75.
49
Calculate the remainder when 71 is divided by 57.
14
Calculate the remainder when 1058 is divided by 106.
104
What is the remainder when 34 is divided by 34?
0
Calculate the remainder when 138 is divided by 9.
3
What is the remainder when 767 is divided by 86?
79
Calculate the remainder when 168 is divided by 37.
20
Calculate the remainder when 314 is divided by 7.
6
Calculate the remainder when 27 is divided by 11.
5
What is the remainder when 178 is divided by 33?
13
What is the remainder when 2248 is divided by 45?
43
What is the remainder when 244 is divided by 5?
4
Calculate the remainder when 535 is divided by 44.
7
Calculate the remainder when 79 is divided by 40.
39
What is the remainder when 131 is divided by 30?
11
Calculate the remainder when 282 is divided by 33.
18
Calculate the remainder when 317 is divided by 46.
41
What is the remainder when 522 is divided by 514?
8
What is the remainder when 539 is divided by 22?
11
Calculate the remainder when 655 is divided by 82.
81
What is the remainder when 606 is divided by 48?
30
What is the remainder when 653 is divided by 142?
85
Calculate the remainder when 1445 is divided by 148.
113
What is the remainder when 298 is divided by 24?
10
What is the remainder when 79 is divided by 20?
19
What is the remainder when 105 is divided by 36?
33
Calculate the remainder when 9 is divided by 7.
2
Calculate the remainder when 7019 is divided by 18.
17
What is the remainder when 898 is divided by 45?
43
What is the remainder when 212 is divided by 46?
28
What is the remainder when 435 is divided by 426?
9
Calculate the remainder when 1038 is divided by 15.
3
What is the remainder when 1843 is divided by 13?
10
What is the remainder when 29 is divided by 20?
9
Calculate the remainder when 211 is divided by 52.
3
Calculate the remainder when 2873 is divided by 220.
13
Calculate the remainder when 255 is divided by 153.
102
Calculate the remainder when 764 is divided by 96.
92
What is the remainder when 2867 is divided by 33?
29
Calculate the remainder when 141 is divided by 12.
9
Calculate the remainder when 1447 is divided by 23.
21
What is the remainder when 30539 is divided by 15?
14
Calculate the remainder when 96 is divided by 17.
11
What is the remainder when 4672 is divided by 117?
109
Calculate the remainder when 660 is divided by 41.
4
Calculate the remainder when 4876 is divided by 9.
7
What is the remainder when 158 is divided by 30?
8
What is the remainder when 2666 is divided by 21?
20
Calculate the remainder when 5627 is divided by 468.
11
Calculate the remainder when 591 is divided by 190.
21
Calculate the remainder when 70 is divided by 19.
13
Calculate the remainder when 6759 is divided by 138.
135
Calculate the remainder when 89 is divided by 16.
9
Calculate the remainder when 2810 is divided by 2803.
7
What is the remainder when 140 is divided by 48?
44
What is the remainder when 5675 is divided by 12?
11
Calculate the remainder when 3635 is divided by 456.
443
What is the remainder when 5761 is divided by 75?
61
Calculate the remainder when 984 is divided by 249.
237
Calculate the remainder when 828 is divided by 5.
3
Calculate the remainder when 1160 is divided by 14.
12
Calculate the remainder when 185 is divided by 49.
38
What is the remainder when 205 is divided by 52?
49
Calculate the remainder when 247 is divided by 16.
7
What is the remainder when 2421 is divided by 25?
21
Calculate the remainder when 115 is divided by 44.
27
Calculate the remainder when 8751 is divided by 16.
15
What is the remainder when 724 is divided by 66?
64
Calculate the remainder when 159 is divided by 58.
43
Calculate the remainder when 151 is divided by 32.
23
What is the remainder when 155 is divided by 12?
11
Calculate the remainder when 671 is divided by 56.
55
Calculate the remainder when 1434 is divided by 439.
117
What is the remainder when 181 is divided by 170?
11
Calculate the remainder when 2411 is divided by 27.
8
Calculate the remainder when 986 is divided by 38.
36
Calculate the remainder when 461 is divided by 174.
113
What is the remainder 